factor of 5371830 and 23035?
85
Calculate the highest common divisor of 1519580826 and 18.
18
What is the highest common divisor of 1156208 and 5690?
1138
What is the highest common factor of 346 and 957334944?
346
Calculate the greatest common factor of 193204 and 4433.
11
What is the greatest common factor of 30599 and 177822?
37
What is the greatest common divisor of 343 and 5536363?
343
Calculate the highest common factor of 125 and 294475.
25
Calculate the highest common factor of 42619 and 579071.
391
Calculate the highest common divisor of 712 and 8181568.
8
Calculate the greatest common factor of 4719141 and 6888.
861
Calculate the greatest common divisor of 33682 and 184151.
11
Calculate the greatest common factor of 304657652 and 2028.
676
What is the highest common factor of 19936 and 9944949?
623
Calculate the greatest common factor of 6225 and 12677850.
75
What is the highest common divisor of 67744 and 61320?
584
Calculate the greatest common divisor of 784 and 810705.
49
What is the greatest common divisor of 2489 and 8668139?
131
Calculate the greatest common factor of 2062976 and 2059344.
3632
Calculate the highest common divisor of 1394 and 10401331.
697
Calculate the highest common factor of 216965441 and 68.
17
Calculate the greatest common divisor of 16525165 and 955.
5
Calculate the highest common divisor of 195816 and 11593740.
2388
What is the highest common factor of 515377856 and 896?
448
Calculate the greatest common divisor of 31968 and 291348.
36
Calculate the highest common factor of 15770267 and 1193.
1193
Calculate the greatest common factor of 19176 and 69564.
204
Calculate the greatest common factor of 210197 and 139897.
703
Calculate the greatest common factor of 1315877625 and 125.
125
What is the greatest common factor of 10690 and 85180?
10
What is the highest common factor of 917342 and 11401?
877
Calculate the greatest common divisor of 765 and 1680102.
9
Calculate the greatest common divisor of 45 and 85556445.
15
Calculate the greatest common divisor of 84207395 and 25.
5
What is the greatest common divisor of 6336 and 113916?
132
Calculate the highest common factor of 158 and 3394034498.
158
Calculate the highest common factor of 596506 and 34.
2
Calculate the highest common factor of 1071136 and 2201342.
3938
What is the highest common divisor of 17810 and 379490?
1370
Calculate the highest common divisor of 44384 and 16079168.
608
Calculate the highest common factor of 17650 and 131550.
50
Calculate the highest common factor of 3782160 and 79920.
2160
What is the highest common divisor of 3131429 and 152523?
1883
Calculate the highest common factor of 17458112 and 19.
19
What is the greatest common divisor of 25 and 221891525?
25
Calculate the greatest common divisor of 686939 and 33.
11
What is the highest common factor of 176576 and 1187616?
2848
Calculate the highest common factor of 144 and 1430118.
18
What is the highest common factor of 264 and 53468888?
88
What is the highest common divisor of 17 and 355887112?
17
What is the greatest common factor of 31302 and 35929479?
5217
Calculate the highest common divisor of 54 and 52693362.
54
What is the greatest common divisor of 12 and 42275748?
12
Calculate the highest common divisor of 29740434 and 9804.
4902
Calculate the highest common factor of 2067 and 57681.
39
What is the highest common divisor of 33108879 and 33?
3
Calculate the highest common divisor of 1422 and 3129506.
158
Calculate the greatest common factor of 60412 and 478324.
44
Calculate the greatest common divisor of 36169533 and 441.
9
What is the highest common divisor of 52728951 and 1309?
187
Calculate the greatest common divisor of 1258939 and 33.
11
What is the highest common factor of 368768 and 8428?
172
Calculate the highest common divisor of 120038870 and 7450.
1490
Calculate the greatest common factor of 19242 and 14526.
18
What is the highest common factor of 207014 and 379138?
2326
What is the greatest common factor of 22 and 45977723?
11
Calculate the highest common factor of 775 and 4615342.
31
Calculate the highest common factor of 82 and 172998885.
41
Calculate the highest common factor of 269399 and 946634.
299
Calculate the highest common factor of 32073849 and 221.
17
Calculate the greatest common factor of 186328 and 43368.
8
Calculate the greatest common divisor of 28 and 749166138.
14
What is the greatest common divisor of 196454 and 5054?
2
What is the greatest common divisor of 159084 and 1523448?
324
Calculate the highest common factor of 1627639 and 4056.
169
Calculate the greatest common factor of 213421 and 1274.
13
Calculate the highest common divisor of 650369980 and 1534.
1534
Calculate the greatest common factor of 46316 and 30908.
4
What is the greatest common factor of 89653967 and 442?
13
What is the greatest common divisor of 34523757 and 135?
9
Calculate the highest common divisor of 194261272 and 2752.
344
What is the highest common factor of 276 and 475479?
69
Calculate the greatest common factor of 29026782 and 72.
18
What is the highest common divisor of 45432 and 73996108?
2524
Calculate the greatest common divisor of 2342247 and 86154.
519
What is the greatest common factor of 56200 and 28550?
50
What is the greatest common divisor of 4575 and 6748725?
75
What is the greatest common factor of 11708593 and 611?
611
What is the highest common factor of 1716 and 9135204?
156
Calculate the highest common factor of 35927964 and 622.
622
Calculate the highest common factor of 20660680 and 80.
40
Calculate the greatest common divisor of 31406156 and 2410.
482
Calculate the highest common divisor of 159 and 9507511.
53
What is the highest common divisor of 217 and 61379535?
217
Calculate the greatest common factor of 987672 and 30696.
24
Calculate the highest common factor of 84 and 39446568.
84
Calculate the greatest common divisor of 9522 and 220645371.
1587
Calculate the greatest common factor of 1530733 and 163.
163
Calculate the greatest common divisor of 592 and 10813028.
148
What is the greatest common divisor of 132 and 1997892?
12
What is the highest common divisor of 268 and 6633670?
134
What is the greatest common factor of 537971 and 833?
49
Calculate the highest common factor of 25086 and 97745.
113
Calculate the highest common factor of 1466587 and 2942.
1471
Calculate the highest common divisor of 1953712684 and 23628.
7876
Calculate the greatest common divisor of 6517497 and 9.
3
What is the greatest common divisor of 1181675 and 7150?
275
Calculate the highest common divisor of 788201060 and 1490.
1490
Calculate the greatest common divisor of 205 and 78758745.
205
Calculate the greatest common divisor of 9852220 and 44800.
140
Calculate the greatest common factor of 60 and 2112816.
12
Calculate the greatest common divisor of 525576 and 29438.
718
Calculate the greatest common divisor of 1072 and 11105384.
536
Calculate the greatest common factor of 101372400 and 400.
400
What is the highest common divisor of 25 and 1702305?
5
What is the greatest common factor of 7968 and 80418036?
996
What is the highest common factor of 4674 and 14110464?
114
What is the highest common factor of 1410 and 271776325?
235
Calculate the greatest common factor of 1207 and 23962571.
1207
Calculate the greatest common divisor of 4509333 and 180.
9
Calculate the greatest common divisor of 116883 and 346801.
481
What is the highest common divisor of 1850 and 5160390?
370
What is the highest common factor of 26205012 and 4320?
108
What is the greatest common divisor of 456 and 36300120?
24
What is the greatest common factor of 1931146 and 13279?
1897
What is the highest common divisor of 49950 and 1456542?
1998
What is the greatest common divisor of 106201 and 16897?
61
Calculate the highest common divisor of 24 and 1076718600.
24
What is the greatest common factor of 321298 and 116?
2
What is the greatest common factor of 3226919 and 1986?
331
What is the highest common divisor of 190668 and 20736?
12
What is the greatest common factor of 876 and 28326482?
146
What is the greatest common factor of 90005 and 724035?
235
Calculate the highest common factor of 5640 and 24850470.
30
What is the highest common factor of 30608 and 349489796?
7652
What i